ive of -w**3/3 + 5*w**2/2 + 9*w - 4. Give y(m).
-5
Suppose 2 = 2*m + b, 0 = 3*m + 2*b + 1110 - 1113. Suppose -p + 6 = 2*p. Let i(n) = -6*n**3 - 2*n**3 + n**p - 2 + 1. Determine i(m).
-8
Suppose 4 = 3*h + 4*q, q - 20 = h + 5*q. Let c(v) = 3*v**2 - 34*v - 10. Give c(h).
14
Suppose 160 = 55*s - 225. Let q(r) = r**2 - 8*r + 11. Calculate q(s).
4
Let v(a) = 2*a**3 - 2*a**2 + 2*a - 1. Let n be v(2). Let s(w) be the second derivative of -w**3/6 + 15*w**2/2 + 7160*w. What is s(n)?
4
Let h(p) = -29. Let s(t) = -t - 148. Let d(f) = 22*h(f) - 4*s(f). What is d(23)?
46
Let c(g) = -2*g**2 - 2*g - 7. Suppose -7 = -n - 2*r, 5*r = 5*n - 17 + 12. Give c(n).
-31
Let v(z) = z**2 - 3*z - 2. Let y(q) = 2*q**3 + 7*q**2 + 4*q. Let s(k) = -3*k**3 - 7*k**2 - 4*k - 1. Let l(c) = -4*s(c) - 5*y(c). Let m be l(4). What is v(m)?
2
Let i be (-1)/((-2 + (-4)/(-4))*(-26)/26). Let c(u) = -19*u - 18. Determine c(i).
1
Let t(k) = 2*k**3 + k**2 - 2*k + 1. Let m(a) = -13*a**3 + 9*a**2 + 5*a + 9. Let v(w) = -m(w) - 6*t(w). What is v(15)?
90
Let n = -3 + 3. Suppose 222 - 144 = 26*p. Let o be (5 + n + 1)*4/p. Let f(k) = 2*k - 3. Determine f(o).
13
Let b(p) = -25*p + 187. Let d(z) = 4*z - 3. Let w(t) = b(t) + 5*d(t). Give w(35).
-3
Let c(t) = -t**3 - 11*t**2 + 15*t - 87. Let u be c(-13). Let r = 3 + 52. Let b(f) = -5 - u*f + 5 + r*f. Calculate b(-4).
4
Let u(a) = 3*a + 1. Let o(v) = v**2 + 5*v - 2. Let t be (-10)/(70/49) - -5. Let i(h) = t*u(h) + o(h). Calculate i(-4).
16
Let i(f) = 14*f - 123. Suppose 698 = -51*z + 1106. Determine i(z).
-11
Let c(f) = -f**3 + 4*f**2 + 7*f - 7. Let u be ((-2)/(-4))/((-3)/(-336)) - 0. Let z be (-9 + -1)*(-4 + u/16). Give c(z).
3
Let v(q) be the second derivative of q**4/6 - 2*q**3/3 + 3*q**2 - 4*q. Let c be 70/4 + (-36)/(-24). Let r(i) = -i**2 + 16*i + 61. Let o be r(c). Determine v(o).
22
Suppose a = -14*a + 30. Let w(l) = 45*l + 5 + a*l**2 - 3 - 98*l + 48*l. Calculate w(5).
27
Let r be (642/(-30))/((-1)/10). Let w(n) = -n**2 + 219*n - 428*n + r*n. Calculate w(5).
0
Let n(d) = 4*d - 11. Let w be 4/(-3)*(40/(-8) + 2). Let v be n(w). Suppose 5*m - v*r = 40, 3*m - 26 = r + 3*r. Let z(b) = b - 4. Give z(m).
2
Let r(w) be the third derivative of -3*w**4/8 - 5*w**3/6 - w**2 - 217. What is r(4)?
-41
Let t(y) = -y**3 + 12*y**2 - 15*y - 54. Suppose 0 = -5*u - 25, -3*u - 35 = -2*o - 0. Calculate t(o).
-4
Let y(m) = -2*m**3 + m**2 - 6. Let x(n) = n**3 + 5*n**2 - 9*n + 34. Let i be x(-7). Let j be 1/1*(1 + i). Give y(j).
-6
Let z be 0/(-2)*24/72. Suppose 4*d + 5*k - 10 = z, -17*d + 2*k - 11 = -20*d. Let y(g) = g - 8. Give y(d).
-3
Let q(t) = 83*t - 87*t - 8 - 11 + 12. Let g be 26/(-4) + (-4)/8. Determine q(g).
21
Let b be 1904/612*(-2 + ((-52)/8)/(-1)). Let m(c) = c**3 - 15*c**2 + 15*c - 11. What is m(b)?
3
Let x(b) = -1. Let s(m) be the second derivative of 0 + 35*m - 1/2*m**3 - 13/2*m**2. Let a(u) = s(u) - 4*x(u). Calculate a(-7).
12
Let p(x) = x**2 - 35*x - 166. Suppose -2*v = -k - 80, -52 - 36 = -2*v + 5*k. What is p(v)?
-10
Let q(d) = -3*d - 5*d**2 - 1 + d**2 + 0*d**2 - 3 - 1. Let o be q(-1). Let l(a) = -a**3 - 7*a**2 - 7*a - 15. Calculate l(o).
-9
Let q(u) = -u**3 - 9*u**2 + 4*u - 12. Let h be 1638/728 - (1 + (-45)/(-4)). Calculate q(h).
48
Suppose -65*q - 50 = -75*q. Let d(r) = 3*r - 5*r - 1 - q*r + 4*r. Suppose 4*a - 16 = -0*a. What is d(a)?
-13
Let p = 73 + -109. Suppose -3920 = -5*r + 103*r. Let d = r - p. Let g(k) = -4*k - 5. Give g(d).
11
Let x(l) = -2*l**3 + 4*l**2 - 2*l + 4. Suppose -5*f = -5*n - 50, -3*f - 13 = -5*f + n. Give x(f).
-20
Let n(y) = 8*y**3 + 15*y**2 + 16*y + 44. Let i(s) = 3*s**3 + 5*s**2 + 5*s + 16. Let l(h) = 11*i(h) - 4*n(h). What is l(6)?
-18
Let a(k) = 88*k - 1320. Let v(j) = 1245*j - 8700. Let l be v(7). Calculate a(l).
0
Let t(p) = -2*p**3 + 2583*p**2 + 2582*p**2 + 6*p - 5176*p**2 - 3. Calculate t(-6).
-3
Let y = -708 + 712. Let r be y/6 - (-413)/177. Let t(l) = -3*l + 2. Give t(r).
-7
Let r = -47 - -43. Let v be 2 - ((-12)/r + (-70 - 1)). Let d(g) = v - 75 - 8*g - g**2 + 3*g. What is d(-6)?
-11
Suppose 1692*a - 1688*a = 3*z + 19, z - 5*a = -21. Let h(t) = -25*t - 13. Calculate h(z).
12
Suppose -3*d - 6 = -3. Let s(q) = -182 + 720 - 4*q - 183 - 174 - 180. Determine s(d).
5
Let m = 1048 - 1045. Let q(j) = -j**3 - 4*j**2 + 19*j. Give q(m).
-6
Let j(d) be the third derivative of -d**6/120 - 7*d**5/60 + d**4/24 + 7*d**3/6 - 6*d**2. Let p be 78/(-21) + -3 - 8/28. Determine j(p).
0
Let n(u) = -u**2 - 7*u + 8. Let r = 109 - 54. Suppose -r*a + 18 = -58*a. What is n(a)?
14
Let j(o) = -3*o + 2. Let d be j(0). Suppose -11 = d*y + 3. Let h(w) = 2*w - 4. Let k(a) = 5*a - 12. Let z(n) = -8*h(n) + 3*k(n). Calculate z(y).
3
Let w be 1218/(-435)*30/(-21). Let n(q) = 3*q + 1 + 2*q - q**2 + 2. Calculate n(w).
7
Let w = -19 - -32. Let k = w + -6. Let m(b) = 25*b - 3*b**2 - 10 + 28*b - 46*b + 3*b**2 - b**2. Determine m(k).
-10
Let o = -33 + 27. Let x(z) = 3*z - 18. Let n(l) = -l + 4. Let w(q) = -15*n(q) - 4*x(q). Let s be w(o). Let p(t) = t - 1. What is p(s)?
-7
Let l(d) = 98 - 125 - 8*d - 22*d - 2*d**2 + d**2 + 17*d. What is l(-11)?
-5
Let u be 20997/(-27) - 3/9. Let o = u + 793. Let i(p) = -3*p + 33. Determine i(o).
-12
Let f = 2 - 0. Let j = 1959 + -1957. Let x(u) = 1 + 8*u**2 + 5*u**j - 8*u**f. Give x(-1).
6
Suppose 4*w = 31 + 29. Suppose i - w = 4*i. Let t(y) = 11*y**2 - 15*y - 2. Let g(h) = -5*h**2 + 7*h + 1. Let q(a) = -13*g(a) - 6*t(a). What is q(i)?
-21
Let u(x) = -9*x**2 + 4*x + 5. Suppose 14*l = 43*l - 145. Let m(p) = -p**2 + p + 1. Let q(c) = l*m(c) - u(c). Calculate q(-2).
14
Let d(l) = l**3 + 2*l**2 + l + 3. Let f(k) = -6*k + 4*k + k**2 - 124 + 97 + 4*k. Let u be f(-6). Give d(u).
-9
Let b(d) = -d**3 - 3*d**2 - 8*d + 7. Let x(l) = -l**3 - 4*l**2 - 7*l + 5. Let z be (-2)/(-7) + (-24)/(-14). Let p(i) = z*b(i) - 3*x(i). Calculate p(-4).
11
Let x(k) = -k**2 - 27*k + 36. Let i(l) = 287*l + 8008. Let h be i(-28). Determine x(h).
8
Let a(v) = 3*v - 6. Let x(q) = -7*q - 2. Let r(u) = 5*u + 3. Let w(g) = -6*r(g) - 5*x(g). Let d(o) = 8*a(o) - 5*w(o). Suppose -18 = 2*y - 0*y. Determine d(y).
1
Let h(g) = g**2 + 84*g - 255. Let r be h(-87). Let z(s) = -2*s**2 + 5*s + 16. What is z(r)?
-26
Let q(z) be the first derivative of -4*z + 2/3*z**3 + 7/2*z**2 - 72. Calculate q(-6).
26
Let n be (12/27)/(2/(13 - -5)). Let r(j) be the second derivative of j**3/3 - 5*j**2/2 + 5*j. What is r(n)?
3
Let n = -80009 - -80006. Let f(d) = 3*d**2 + 6*d + 10. Let t(o) = 2*o**2 + 5*o + 9. Let g(y) = 5*f(y) - 6*t(y). What is g(n)?
23
Let s(q) = q**3 - 3*q**2 - 6*q - 2. Let u = -36178 - -36184. Determine s(u).
70
Let q(s) be the first derivative of -s**2 + 2*s - 4. Let k = 333 - 329. Calculate q(k).
-6
Let w(c) = 2878*c - 2880*c - 6*c**2 + 7*c**2. Determine w(4).
8
Let w(t) = 8 + 23 + 17 + 4*t + 21 - 86 + 13. Let z(y) = y**3 - 5*y**2 + 5*y - 4. Let o be z(3). What is w(o)?
-32
Suppose 351 = -807*f + 780*f. Let x(j) = -j**3 - 12*j**2 + 3*j + 7 - 1 + 10*j. Calculate x(f).
6
Let b = 445 - 442. Let p(v) = 569 - 289 - 285 - v**b - 4*v**2. What is p(-4)?
-5
Let d(j) = -8*j**3 - 4*j**2 + 13*j - 8. Suppose 0 = -n - 63 + 62, w + n = 0. What is d(w)?
-7
Let z(u) = -u**2 - u - 4. Let f(l) = l**3 - 25*l**2 + 84*l - 3. Let a be f(21). Determine z(a).
-10
Suppose 1980 - 1965 = 3*w. Let b(y) = y**3 - 7*y**2 + 11*y - 19. Give b(w).
-14
Let d(n) be the second derivative of n**4/6 - n**3/3 - n**2/2 + 5563*n. Let f(q) = q**2 - 2 + 0*q**2 - 5*q - 2. Let b be f(6). What is d(b)?
3
Let i(f) = -f**2 - 4*f + 2. Let n(b) = 3*b - 35. Let z be (-2)/2*-2 + 52/4. Let d be n(z). Let y = -13 + d. Calculate i(y).
5
Let u(a) = 1501*a**2 - 1513*a**2 + 4 + a**3 + 1. Give u(12).
5
Let x(o) be the third derivative of o**5/60 + o**4/3 - 35*o**3/6 - 37*o**2 - 90*o - 1. Give x(0).
-35
Let l be (-2)/(-44)*14 + 1224/3366. Let u(w) = -2*w**3 - 2*w**2 + 5*w - 4. Determine u(l).
-3
Let u = 26 - 21. Let k = 9 - u. Let j(m) = -57 - k*m + 114 - 62. Calculate j(-5).
15
Let u = 15230 + -15236. Let b(n) = n**2 - 11*n - 9. Determine b(u).
93
Let y(v) = -11*v**3 + 27*v**2 + 17*v + 1. Let j be y(3). Let x(t) = t**3 + t**2 - 8. What is x(j)?
-12
Let q(m) = -6*m - 19. Let l = -6574 - -6567. Calculate q(l).
23
Suppose -73 + 63 = 2*y, -5*y = 5*x + 30. Let f(n) = 19*n - 3. Calculate f(x).
-22
Let u(o) = -o**3 + 127*o + 90*o